se -5*y + 56 = 4*j, -5*j + 2*j = 2*y - 35. Suppose -5*u + 129 + j = -4*r, r = u - 27. Calculate the remainder when u is divided by 8.
6
Let q be ((-3)/2)/3*-4. Let h = -1 + q. Calculate the remainder when h is divided by 1.
0
Let p(d) = -7*d - 1. Let q be p(4). Let i = -19 - q. What is the remainder when i is divided by 56/7 + -1*2?
4
Suppose -3*c - c - 8 = 0. Let j = 1 - c. Suppose -j*t + 2*t = -9. What is the remainder when t is divided by 6?
3
Suppose 0 = 4*r - 2*u + 62, 0 = -5*u - 18 + 3. Let x = r - -27. What is the remainder when 29 is divided by x?
9
Let d = -39 + 64. Suppose -18 = -2*b + 5*i, -3*i - 52 + 7 = -5*b. What is the remainder when d is divided by b?
7
Suppose 0 = -4*m - 5*x + 101, 0 = -2*m + x - 6*x + 43. Calculate the remainder when m is divided by 8.
5
Suppose 2*x - 164 = -3*c, 298 = 3*x - 2*c + 78. What is the remainder when x is divided by 13?
11
Suppose 3*y = 5*x + 328, -5*y + 3*x = -y - 430. What is the remainder when y is divided by 36?
34
Suppose -2*b = 6 - 108. What is the remainder when b is divided by 14?
9
Suppose -3*z + 31 = 5*x, 5*z - z = -3*x + 23. Calculate the remainder when 11 is divided by x.
1
Let h = 19 - -28. Suppose 5*r - 124 = r. Let n = h - r. Calculate the remainder when n is divided by 6.
4
Suppose 2*p + 54 = -0*p. Let s = p - -74. Calculate the remainder when s is divided by 24.
23
Suppose y - 6 = 3*w, 0 = -3*y - w - w - 15. Let z = 0 + y. Let r = 4 + z. What is the remainder when 1 is divided by r?
0
Let q(s) = -2*s - 2. Let o be 0/(-2) - (2 + 2). Calculate the remainder when (-1 - 27/o)*4 is divided by q(-5).
7
Let d = 19 + -38. Calculate the remainder when -2 - d - (-4)/(-2) is divided by 4.
3
Let z(c) = 3*c**3 - 15*c**2 - 11*c - 3. Let v(q) = -q**3 + 5*q**2 + 4*q + 1. Let b(j) = 7*v(j) + 2*z(j). What is the remainder when 1 is divided by b(6)?
0
Let u = -27 - -37. What is the remainder when u is divided by 3?
1
Suppose -4*r - 3*r = -56. Calculate the remainder when 31 is divided by r.
7
Suppose 0 = -3*g - g. Suppose -2*u - 22 = -68. Suppose g = -4*k + 141 + u. What is the remainder when k is divided by 11?
8
Let r(x) = x**2 + 10*x + 5. Let t be r(-10). Let s(k) = 9*k - 4. What is the remainder when s(t) is divided by 14?
13
Suppose -27*v = -23*v - 272. Calculate the remainder when v is divided by 23.
22
Let m(i) = -i + 4. What is the remainder when 25 is divided by m(-3)?
4
Suppose -5*w = 15, -5*r + 2*w + 598 = w. What is the remainder when r is divided by 8?
7
What is the remainder when -2 + (182 - 2)/4 is divided by 15?
13
Let n be -2*(3 - 14/4). Calculate the remainder when (19 - (-3 + 4))*n is divided by 10.
8
Let o(t) = -3*t + 2. Suppose 4*u - 41 + 1 = 0. What is the remainder when o(-9) is divided by u?
9
Let l(n) = 2*n**3 - 5*n**2 + 4*n - 6. Calculate the remainder when l(4) is divided by 12.
10
Suppose t = 2*t - 12. Let x(c) = -9*c - 4. Calculate the remainder when x(-3) is divided by t.
11
Suppose -225 = -5*r + 5*q, -7*r - 3*q + 185 = -2*r. What is the remainder when 77 is divided by r?
37
Suppose -u + 2*t = 5, 0 = -u - 3*u - 4*t + 28. Suppose 4*l - 18 = -b + 6, -5*l + 33 = 2*b. What is the remainder when l is divided by u?
2
Suppose 4*m + 4 = 16. Let w(i) = i**2 + m + 2 + i + 0*i**2. Calculate the remainder when w(4) is divided by 13.
12
Let s = 2 + 18. Calculate the remainder when 22 is divided by s/3*12/10.
6
Let k(x) = -36*x - 6. What is the remainder when k(-2) is divided by 17?
15
Let f(x) = x**2 - 6*x + 2. Let u be f(7). Suppose u = 2*h + 1. What is the remainder when 11 is divided by h?
3
Let d = 32 - 22. What is the remainder when 19 is divided by d?
9
Suppose 4*u = 39 - 3. Let v = 4 + 5. Suppose -2*g = -v - 1. Calculate the remainder when u is divided by g.
4
Suppose b = -b + 6. What is the remainder when 4 is divided by b?
1
Let w = -23 - -42. Suppose -2*o + 2*u + w = -o, -4*o + 4*u = -96. Suppose -p + 4 = -2*p, -f + 5*p = -o. What is the remainder when 26 is divided by f?
8
Let z(f) = f + 4. Calculate the remainder when 2 is divided by z(-3).
0
Let v(f) = 2*f + 1. Let w be v(-5). Let m = w - 13. Let q = 39 + m. What is the remainder when q is divided by 6?
5
Suppose 5*c - 5*o = 0, 0 + 27 = 5*c + 4*o. Suppose 11 = c*p - 7. Calculate the remainder when 10 is divided by p.
4
Let p(x) = x**3 + 2*x**2 + x. Let r be p(-1). What is the remainder when 1 - (-1 + -2) - 0 is divided by 3 + 0/(r + -1)?
1
What is the remainder when 7 is divided by (-32)/(-10) + 1/(-5)?
1
Let j be 16*-1 + (-2)/2. Let k = -169 + j. Calculate the remainder when 37 is divided by (-12)/42 + k/(-14).
11
Suppose 7 = b + 2, 0 = 2*v + 2*b - 66. Let h = -10 - -55. Suppose t = 3*f + 12, 2*t = -3*f + h - 12. What is the remainder when v is divided by t?
13
Let l = -35 - -37. What is the remainder when 5 is divided by l?
1
Let m = -81 + 168. What is the remainder when m is divided by 10?
7
Let x be 1/(-2)*(-2 - -2). Let a(m) = 2*m**3 - 3*m**2 + m - 2. Let o be a(2). Suppose 80 = o*c - x*c. What is the remainder when c is divided by 11?
9
Let s be 2*4/4*1. Suppose 4*n = -4, 0 = s*h - 2*n - 21 - 11. Calculate the remainder when 43 is divided by h.
13
Let o = 1 + 3. Suppose o = 3*i - 2. What is the remainder when 3 is divided by i?
1
Let g = 8 + -4. Suppose -m + 33 = 2*w, 3*w - 4*w - g*m = -20. What is the remainder when w is divided by 1*(3/3 + 8)?
7
Suppose 0 = -4*p + 34 + 2. Let g be (-9)/3 + 0 - -125. Suppose 0 = -4*y + g - 22. What is the remainder when y is divided by p?
7
Let a = -14 - -10. Let g = -11 - a. Let f = g + 22. What is the remainder when 29 is divided by f?
14
Suppose -19 = -5*l + 56. Suppose k - l = -4*k. Suppose 3*a - 6 - 18 = 0. Calculate the remainder when a is divided by k.
2
Suppose 2*v + 4*p - 32 = 2, -5*v = -2*p - 37. Calculate the remainder when 18 is divided by v.
0
Suppose 9 = 2*t - t. Calculate the remainder when (-1)/(-2*1/50) is divided by t.
7
Let j(y) = 4*y - 1. Let b be j(2). Let z(v) = v**2 - 7*v + 9. Calculate the remainder when z(b) is divided by 3.
0
Let w be (-45)/(-18)*4/5. Suppose s + 7 = -g - w*g, -g - 3 = 0. Calculate the remainder when s is divided by ((-1)/(-3))/(2/6).
0
Suppose -4*z + 4*p + 112 = 0, 5*p - 36 + 2 = -z. Let k(o) = o**2 - o + 3. What is the remainder when z is divided by k(4)?
14
Let j be 2 - (-1 - -4)/(-3). Suppose 5*v - 25 = -4*u, -4*v = -j*v + u - 5. Calculate the remainder when 14 is divided by v.
4
Suppose 0 = d - 3*v - 11 - 4, -d + 5*v + 9 = 0. What is the remainder when d is divided by 9?
6
Let a = -1 + 8. Let s(z) = -z**2 + 9*z - 5. What is the remainder when a is divided by s(8)?
1
Suppose 5*l - p = -0*l + 18, 6 = -l - 3*p. Suppose -4*s + 75 = 2*k + k, -4*k - 50 = -l*s. What is the remainder when 47 is divided by 3 - s/(-1 + -1)?
11
Let r = -17 - -25. Calculate the remainder when 14 is divided by r.
6
Let a = 8 + 22. Calculate the remainder when a is divided by 8.
6
Let u(n) = n - 3*n - 1 + 2 + 2. Calculate the remainder when 21 is divided by u(-4).
10
Suppose -3*a + 4*w + 12 = 0, -5*w = 4*a - 5 - 11. Calculate the remainder when 3*-1*(-10)/3 is divided by a.
2
Suppose -6*v + 188 + 292 = 0. What is the remainder when v is divided by 17?
12
Suppose -2541 = -11*j + 1606. What is the remainder when j is divided by 19?
16
Let d be 3*((-15)/(-9) - 1). Suppose 22 = -c + d*c. Calculate the remainder when 64 is divided by c.
20
Let q(c) = -c**2. Let f be q(0). Let j = 63 + f. Calculate the remainder when j is divided by 22.
19
Let k(i) = -5*i**3 + 5*i**2 - 8*i - 3. Let r(u) = -4*u**3 + 5*u**2 - 7*u - 2. Let h(v) = -5*k(v) + 6*r(v). Calculate the remainder when h(-5) is divided by 7.
6
Let d(n) = n**2 + n + 27. Let t be d(0). Let a = t + 104. Suppose -4*s + 4*y + 108 = 0, -3*s - 2*s + a = -y. Calculate the remainder when s is divided by 7.
5
Suppose 0 = 4*j + 2*m - 124, -4*m = -5*m - 4. What is the remainder when 98 is divided by j?
32
Suppose -2*p = 82 + 14. Calculate the remainder when 1/(-3) + 92/6 is divided by ((-3)/(-2))/((-9)/p).
7
Let q(y) = 9*y**2 - 28*y - 1. What is the remainder when q(5) is divided by 25?
9
Calculate the remainder when 10/(-15) + (-82)/(-6) is divided by -2 + ((-18)/(-4))/(-1)*-2.
6
Calculate the remainder when 33 is divided by 3*-1*(0 + -3).
6
Let q = 28 + -46. Let x = q - -44. What is the remainder when x is divided by 14?